 7 + 14*p. Let s = 16 - 6. Let m be n(s). What is w(m)?
-12
Let f(m) = -m**2 - 6*m - 7. Let z = -386 + 374. Let w(g) = 6*g**3 - 5*g**3 - 2*g**3 + 13*g + 6 - 11*g**2. Let a be w(z). What is f(a)?
-7
Let g(t) = 16*t + 1. Suppose v = -4*d - 2, 5*d - 6 = -2*v + 7*d. Calculate g(v).
33
Let g(j) be the second derivative of j**2 - 1/10*j**5 - 1/3*j**3 + 13*j - 1/3*j**4 + 0. Determine g(-2).
6
Let j(b) = -13*b - 2. Let x(v) = 19*v + 3. Let n(p) = -7*j(p) - 5*x(p). Let y be n(-1). Let l(z) = z - 2. Determine l(y).
1
Let z(y) = y**2 + 4*y. Let v be 30/20*28/6. Suppose v*j = j - 18. Determine z(j).
-3
Let q(z) be the third derivative of 1/24*z**4 + 0*z + 0 + 11*z**2 + z**3 + 1/60*z**5. What is q(0)?
6
Let j = 9 - 9. Let s(q) = -14*q**2 + 8*q. Let h(v) be the second derivative of 5*v**4/12 - v**3/2 - v. Let u(m) = 11*h(m) + 4*s(m). What is u(j)?
0
Let l(j) = -j**2 + j. Let h(k) = 4*k**2 - 5*k + 2. Let d(b) = -h(b) - 3*l(b). Let q be 6/(-4)*(1 - 3). What is d(q)?
-5
Let d = 1 - 0. Let v(c) = -927*c + 307*c + 299*c + 306*c. Calculate v(d).
-15
Suppose 4*q - 91 - 161 = 3*m, -3*q - 391 = 5*m. Let s = m + 75. Let b(k) = k**2 + 7*k + 5. Calculate b(s).
-5
Let g(q) be the third derivative of -q**8/10080 + q**7/720 - q**6/120 + 31*q**5/60 - 26*q**2. Let d(c) be the third derivative of g(c). Calculate d(5).
-21
Let g(y) = -y**3 + 7*y**2 - 2*y + 17. Let b = -85 + 92. Calculate g(b).
3
Let f(q) = -q**3 + q + 7 + 0*q**2 + 6*q**2 + 7*q**2 - 16*q**2. Give f(-3).
4
Let r be 6/2*2/(-3). Let p(f) be the first derivative of -3*f**4/4 - f**3 - f**2/2 - 2*f - 3375. Calculate p(r).
12
Let g(q) = -q**3 + 2*q**2 + 5*q + 8. Let v be g(0). Let h(c) = -c**2 + 7*c - 9. What is h(v)?
-17
Let a(i) = 2*i**3 + 9*i**2 - 7*i - 4. Let o = -51 - -44. Let k(v) = -5*v**3 - 18*v**2 + 13*v + 9. Let f(c) = o*a(c) - 3*k(c). What is f(8)?
17
Let f(b) = b**3 + 18*b**2 + b + 20. Let s = 815 - 833. Determine f(s).
2
Let v(j) = -j**3 - 6*j**2 - 6*j - 3. Suppose -5*x + 1 = -14. Suppose x = -d, -4*h - d - 9 = 2*d. Let t be (3/(-3) - 4) + h. Give v(t).
2
Let g(l) = 16*l + 101. Let m be g(-6). Let r(z) = -z**3 + 4*z**2 + 5*z + 1. Give r(m).
1
Let a(u) = -u**2 + u + 1. Let v(z) = z**3 + 6*z**2 + 3*z + 1. Let k be v(-6). Let w = k + 17. Calculate a(w).
1
Suppose -2*s = -20 - 88. Suppose 0 = 3*c + 6*c + s. Let i(d) = d**3 + 7*d**2 + 7*d + 2. Give i(c).
-4
Let y(n) = 3*n**3 - 4*n**2 - 3*n + 4. Let x(v) = 6*v**3 - 7*v**2 - 4*v + 8. Let s(c) = 4*x(c) - 7*y(c). Calculate s(-1).
-4
Suppose y + 20 = 6*y. Let u(o) = o**2 + o - 1. Let j(b) = -4*b**2 - 3*b + 1. Let s(x) = j(x) + 5*u(x). Give s(y).
20
Let f(m) be the second derivative of m**4/12 + m**3/2 + m**2 + 53*m. Suppose -4*r + 3 - 27 = 0. Let x = r + 4. What is f(x)?
0
Suppose -12 = f - 16. Let l(t) = 5*t**3 - 2*t**2 + t - 2. Let x(d) = 9*d**3 - 3*d**2 + d - 4. Let j(p) = f*x(p) - 7*l(p). Let g = 1 + -4. What is j(g)?
-2
Suppose 5*c + 4*g - 21 = 0, 2*c - 18 = -4*g - 0. Let t(x) = -19*x - 3. Let i(l) = 20*l + 4. Let z(k) = -3*i(k) - 4*t(k). What is z(c)?
16
Let y(h) = h**3 + 10*h**2 - 7. Suppose -4*d + 6 = -t - 0*d, 0 = 4*t - d + 39. What is y(t)?
-7
Let m(r) = -r - 3*r**2 - 2*r**3 + 8 - 3*r**3 + 4*r**3. Let s(v) = -v**3 - 4*v**2 - 2*v + 9. Let h(o) = 5*m(o) - 4*s(o). Calculate h(3).
-5
Let x(w) be the second derivative of -1/2*w**2 + 5*w - 7/6*w**3 + 0. Let g be (-3*2/9)/(8/12). Calculate x(g).
6
Let t = 12 + -22. Let m(z) = 8*z - 6. Let v be m(2). Let w be (-2)/t - 62/v. Let q(o) = -o**2 - 8*o - 6. Determine q(w).
6
Let d(w) = w**2 + 10*w + 11. Let u(l) = -17*l**2 + 9*l - 1. Let n be u(1). Calculate d(n).
2
Let c(t) = t + 5. Let a(v) = -4*v - 13. Let o(i) = 2*a(i) + 7*c(i). Calculate o(10).
-1
Let k(n) = -n**2 + 8*n - 3. Let b(t) = 7*t**2 + 3*t + 1. Let a be b(-1). What is k(a)?
12
Let v(i) = -15*i**2 + 9*i - 1. Let j be v(1). Let f(p) = -p**3 - 6*p**2 + 9*p + 10. Give f(j).
-4
Let h(v) = v**3 + 7*v**2 - 2*v + 1. Let s(g) = g**2 + g - 1. Let z(d) = -h(d) + 4*s(d). Let a be 3*4/(-6)*-44. Let w = -93 + a. What is z(w)?
15
Let k be (4/(-6))/(10/(-75)*1). Let g(s) be the third derivative of 0 + 0*s - s**2 + 3/2*s**3 - 1/24*s**4. Calculate g(k).
4
Suppose 0 = -2*t - t - 21. Let b(a) = 27*a + 6. Let m(u) = -8*u - 2. Let g(p) = 2*b(p) + 7*m(p). Give g(t).
12
Let b(l) be the third derivative of -l**7/2520 - l**6/120 - l**5/60 - 5*l**4/8 - 16*l**2. Let v(t) be the second derivative of b(t). Determine v(-5).
3
Let t(a) be the second derivative of a**3/6 - 3*a**2 - 5*a. Suppose 6*v = -5*m + 3*v + 18, -3*v - 18 = -m. Give t(m).
0
Let q(c) = -16*c - 6*c**2 - 13*c**2 + 1 + 28*c - 11*c. What is q(-1)?
-19
Suppose -2*u + 32 - 6 = 0. Suppose 2*b + 3 + u = 4*j, j - 10 = 2*b. Let w(m) = -m - 1. Determine w(b).
3
Suppose 0 = -2*v - x - 10, 5*v + 30 = 3*x - 6. Let d(h) be the second derivative of -h**5/20 - 5*h**4/12 + 7*h**3/6 + 3*h**2/2 - h. Determine d(v).
-3
Let h(m) = 15 - 36 + 11 - m + 13 + 11. Determine h(10).
4
Let z(w) = w + 3. Suppose -12*s + 36 = -6*s. Suppose 2*f - 2*c = -14 - s, 0 = -f + 5*c - 10. Give z(f).
-7
Let w(b) = b**2 + 2*b + 1. Let y(o) = 3*o**2 + 11*o - 2. Let r be y(-4). Give w(r).
9
Let u = -15 - -14. Let i(v) = v**3 + v. Let a(m) = 4*m**3 + 6*m**2 + 2*m + 3. Let f(q) = u*a(q) + 5*i(q). Determine f(5).
-13
Let w(p) be the third derivative of 0*p + 0 - 7/6*p**3 + 3*p**2 - 1/12*p**4. Let s = -30 + 25. Give w(s).
3
Let i(p) = 1 - 3 + 1 - 2*p - 1. Calculate i(2).
-6
Let u = 13 + -1. Let k(l) = 14*l**2 + 16*l + 209. Let o(i) = -5*i**2 - 5*i - 73. Let c(m) = -6*k(m) - 17*o(m). Determine c(u).
-1
Suppose -o = -3, -n - 4*o + 18 - 1 = 0. Suppose -5*d - t = -13, 0 = -4*d + t + 5. Let h(y) = 4 + d*y - y - 2*y. Calculate h(n).
-1
Let v(x) = 2*x**2 + x + 3. Let n(p) = -11*p**2 - 13*p - 18. Let o(d) = n(d) + 6*v(d). Calculate o(8).
8
Let x = 1 + 1. Let m(c) = c**x + 3*c**2 + 8 - c**3 - 3. Let o be ((-8)/(-9))/4 + (-34)/(-9). Calculate m(o).
5
Let m(y) be the second derivative of 0 + 5*y - 3/2*y**2 + 1/6*y**3. Let q(f) = f**2 + 9*f + 5. Let x be q(-8). Give m(x).
-6
Let v(k) = 11*k - 33. Let p be v(4). Let m(y) = -y**2 + 12*y - 18. Calculate m(p).
-7
Let t = 29 + -21. Let n(b) = -8 + b**3 + 3*b - 6*b - 8*b - 4 + t*b**2. Give n(-9).
6
Let f(y) = -2*y**3 + y**2 + 5*y - 5. Let h = 1 + 3. Let l be (h/6)/((-8)/(-12)). Let k(a) = a**3 - a**2 - a + 1. Let g(x) = l*f(x) + 4*k(x). Determine g(2).
5
Suppose 2*m - 14 + 10 = 0. Let r(c) = 2*c**2 - c - 4. Calculate r(m).
2
Let d(r) be the third derivative of -r**5/60 + 5*r**4/24 + r**3 - 276*r**2. Give d(5).
6
Let o(n) = n**3 - n**2 + n - 1. Let k = 8 + -7. Let r be (k/3)/(1/3). Let f(c) = 6*c**3 - c**2 + 5*c - 7. Let d(x) = r*f(x) - 5*o(x). Calculate d(-4).
-2
Let g(z) = 60*z + 8. Let n(p) = 9*p + 1. Let w(o) = 4*g(o) - 28*n(o). What is w(3)?
-32
Suppose 3*u - 4 - 11 = 3*z, -5*z - 3*u = 57. Let o(p) = 3*p - 12. What is o(z)?
-39
Let m(v) be the second derivative of v**3/6 - 3*v**2/2 + 4*v. Let u be (3 - 7 - -29)/(-1). Let b be ((-15)/u)/(3/15). What is m(b)?
0
Suppose -45 = 25*m - 16*m. Let h(n) = -n**3 - 7*n**2 - 9*n + 2. Give h(m).
-3
Suppose 2 = -3*j - 4. Let y(v) be the third derivative of -87*v**2 - 1/3*v**3 - 1/60*v**5 + 0 - 1/24*v**4 + 0*v. Give y(j).
-4
Let k(i) = -52*i - 306. Let n be k(-6). Let y(b) = -4*b + 32. What is y(n)?
8
Let k(g) = -g + 8. Let i be k(3). Suppose -2*x + 21 = -i*a, -2 - 3 = -5*x + 3*a. Let v(w) = -w**3 - 2*w - 1. Calculate v(x).
11
Suppose 5*v + 3*r = 2, v + r + 1 = -r. Let k = 3 - v. Let w(c) be the third derivative of -c**5/30 + c**4/24 + c**3/6 - 3*c**2 + 25. Calculate w(k).
-5
Let o(m) be the first derivative of 0*m - 17*m**2 + 12 + 18*m**2 + 7*m. What is o(-7)?
-7
Let d(j) = -31*j**2 + 2*j + 3. Let w(m) = -46*m**2 + 3*m + 5. Suppose 0 = 15*q + 33 + 42. Let f(v) = q*w(v) + 8*d(v). Determine f(1).
-18
Let p(i) = -i**2 - 2*i - 2. Let o be (-164)/41*3/4. Determine p(o).
-5
Let p(v) = 7*v - 85*v**2 + 14 - 85*v**2 + 258*v**2 - 89*v**2. Calculate p(7).
14
Let s(q) = -19*q - 222. Let w be s(-12). Let u(g) = g**3 - 6*g**2 - g + 8. What is u(w)?
2
Let i(p) = p**2 + 2*p. Let s(l) = 5*l**2 + 21*l + 4. Let u(n) = -6*i(n) + s(n). Determine u(8).
12
Let v = 15 - 29. Let y be (8/v)/((-20)/70). Let w(g) = -g**2 + g - 2. Determine w(y).
-4
Let t be (-3*(-5)/6)/(45/36). Let g(c) be the first derivative of 8*